(-45). What is the greatest common divisor of 308 and c?
77
Let p be (-12)/18*-483*2/2. Calculate the highest common factor of p and 69.
23
Let a(v) = -3*v - 15. Let g be a(-7). Suppose 12*d + g + 210 = 0. Let i be (d - -16)/(2/(-5)). Calculate the greatest common divisor of 5 and i.
5
Let a be (-23)/((-115)/(-360))*-4. What is the highest common divisor of 3072 and a?
96
Let g(w) = -3*w - 3. Let o be g(3). Let s = -9 - o. Let q be (-404)/(-6) - (-2)/s. What is the highest common divisor of q and 17?
17
Let g = -31531 - -31545. Calculate the highest common divisor of g and 6335.
7
Suppose 152*v = 136*v + 1872. Let a = 5 + 8. What is the greatest common divisor of a and v?
13
Suppose -o + 4*y - 129 = -373, -o = -3*y - 244. Let w = -144 + o. What is the highest common factor of w and 40?
20
Suppose 52 = -10*y + 12*y. Let m = 50 - y. Suppose g = 3*g - m. What is the greatest common factor of 12 and g?
12
Let k = -185 + 101. Let q = 102 + k. Let s = 407 - 245. What is the highest common factor of s and q?
18
Let i = 9531 - 8315. What is the greatest common divisor of 380 and i?
76
Suppose -2314 = -2*j - 2296, -3*o + 939 = 4*j. Calculate the highest common factor of 21 and o.
7
Let o be (2058/49)/(6/232). Calculate the highest common factor of o and 168.
56
Suppose -4*o = 5*g - 25, 5*o + 2 = -3*g + 4. Suppose -13*j = -10*j - 1215. Suppose -48*u = -39*u - j. Calculate the greatest common divisor of g and u.
9
Let m be (-2)/(-6) + 16/(-3) + -1. Let q be 40 + 1 + 9 + m. What is the greatest common factor of q and 308?
44
Let k be (-6 + 3)/((-12)/(-128)*-2). Suppose 0 = k*r - 10542 - 9954. Calculate the greatest common divisor of r and 21.
21
Let r = 367 + 24. Let l = 493 + -476. Calculate the highest common divisor of r and l.
17
Suppose 3*w - a - 2759 = 0, -5*w + 901 + 3664 = 5*a. What is the greatest common divisor of w and 36?
18
Suppose 6*g + 48 = 8*g + 2*a, 0 = -g + 3*a. Calculate the greatest common factor of 3072 and g.
6
Suppose 118 = 2*t - 0*t. Suppose t = 3*j + 3*p - 34, 2*j + p - 60 = 0. Let m = j - 23. Calculate the highest common divisor of m and 12.
6
Let g = 19 + -59. Let r = -74 + g. Let b be (1 + r/24)/(3/(-32)). What is the greatest common factor of 320 and b?
40
Suppose -47 = 7*r - 1818. Calculate the greatest common factor of 23 and r.
23
Suppose 65*n - 664 = 63*n + 4*z, 0 = -n + z + 326. What is the greatest common divisor of n and 30?
10
Let t = -98 + 136. Suppose -5*p + a + 460 = -866, 0 = 3*p + 4*a - 814. Calculate the highest common divisor of p and t.
38
Let b(q) = -q**2 + 19*q - 17. Let c be b(7). Let t = -1148 - -1215. What is the greatest common factor of c and t?
67
Suppose 8*o - 90 = 5*o. Let m = 68 - o. Let k = -14 + m. What is the greatest common factor of k and 6?
6
Let p = -122 - -178. Suppose d = x - 67, -4*x + 9*x = -5*d - 315. Let z = d + 73. Calculate the greatest common factor of p and z.
8
Suppose 2*w - 561 = 13*w. Let a = w + 31. Let g = a - -52. Calculate the greatest common factor of g and 256.
32
Suppose 13 + 14 = -9*l. Let d be 66/(-18)*l + 0. Calculate the greatest common factor of 1 and d.
1
Suppose 0 = -13*h - 62*h - 220*h + 111215. What is the greatest common factor of 39 and h?
13
Let a(x) = 4*x + 4. Let l be a(-1). Suppose l*u + 33 = h + 3*u, 61 = 2*h + 5*u. Calculate the greatest common divisor of h and 30.
6
Let f(i) = -6*i - 258. Let t be f(-70). What is the highest common factor of t and 1242?
54
Let o be (1 + -11)*1134080/(-1600). What is the highest common factor of o and 32?
16
Let l = -2808 + 7613. Calculate the highest common divisor of 155 and l.
155
Let i = 52 + -42. Suppose -15 = 5*x - i*x. Suppose -l + 2*m - x*m + 8 = 0, -5*l = -3*m - 80. What is the highest common divisor of l and 117?
13
Let x be 25 + -4 + 35 + 212. Let s = 7 + -3. What is the highest common factor of s and x?
4
Let k be 0 + -1 + 0 - (-6 + 2). Let y be (3 + -51)*(-1)/k. Let a = y - -101. Calculate the highest common divisor of a and 9.
9
Let d be ((-119980)/(-7713))/(2/117). What is the greatest common divisor of 559 and d?
13
Let v be 6 + (-7 - (-44 - -2)). Let i(h) = 3*h - 102. Let o be i(v). What is the greatest common divisor of o and 84?
21
Let l be (-14)/(-70) + 78/10. Suppose -l*g = 264 - 928. What is the greatest common factor of 332 and g?
83
Let u = 2754 + -2684. Calculate the highest common factor of 5110 and u.
70
Let j be (4*-6 - 3)/(-1). Let c(l) = -l**2 + 26*l + 33. Let q be c(j). Calculate the highest common factor of 6 and q.
6
Let h be (-1 - 2)*(-16)/12. Let g be (-20)/6*21/14 - -2. Let k be (h/(20/g))/((-9)/135). What is the greatest common factor of k and 117?
9
Let w = 111045 + -52953. Calculate the greatest common divisor of w and 103.
103
Suppose 0 = 3*u + 3*p - 147, 4*u = p + 189 + 12. Let s = u - 102. Let z = -35 - s. What is the greatest common factor of z and 68?
17
Suppose -25*z = -12*z + 84630. Let h be -2 + 144/76 - z/114. What is the highest common factor of 38 and h?
19
Let h = 422 + -417. Suppose h*x - 4*c - 521 = 0, -4*x + 162 = -5*c - 253. Calculate the greatest common factor of 63 and x.
21
Let c be (23/92)/((-2)/(-24)). Suppose 4 = -3*w - 2, -c*w = -3*v + 96. Calculate the greatest common factor of 300 and v.
30
Let f(j) = -4*j**3 - 13*j**2 + 130*j + 1412. Let c be f(-10). Calculate the greatest common factor of 296 and c.
148
Let v(i) = -680*i + 59. Let z be v(-2). Calculate the highest common factor of z and 198.
33
Suppose -212*l + 9331 = -11021. Let s be (-6)/(-5)*(-20)/(-6). Suppose 5*n - s*q - 80 = 0, 6*n + 2*q - 38 = 2*n. What is the greatest common divisor of l and n?
12
Let y(x) = -x**2 + 6*x + 44. Let m be y(10). Let i(g) = -g**3 + 6*g**2 - 14*g + 39. Let b be i(m). What is the greatest common divisor of 795 and b?
15
Let n(c) = -c**3 - 56*c**2 - 64*c - 487. Let u be n(-55). Let h be (6/(-9))/((-3)/522). Calculate the highest common factor of u and h.
4
Let a(g) = 312*g**2 - 61*g + 32. Let h be a(-5). What is the greatest common divisor of 79 and h?
79
Let j = -16544 - -17188. What is the highest common divisor of j and 70?
14
Let d(s) = 8*s**2 - 24*s + 1200. Let n be d(30). What is the highest common factor of 80 and n?
80
Suppose -5*s = 4*u - 421, 299 + 46 = 4*s - 5*u. Suppose 5*c + 2 = m, -m + 6*c = 11*c - 32. What is the greatest common divisor of m and s?
17
Let p = 2330 - 2267. Suppose 5*v - 3*l - 189 = 0, -35 = -5*v - 4*l + 133. What is the greatest common divisor of p and v?
9
Let w(d) = -2*d**3 - 42*d**2 + 55*d + 74. Let v be w(-23). What is the highest common divisor of v and 111?
37
Let l be 6 + -15 + 1*-1. Let i be ((-5)/l)/(2/600). Let k(z) = 2*z**3 - 18*z**2 - 16*z + 20. Let q be k(10). What is the greatest common divisor of q and i?
30
Let s = 30 - 19. Let l = 23 + -21. Suppose -3*a - 153 = -f - l*f, -5*f + 291 = 4*a. Calculate the highest common divisor of f and s.
11
Suppose 102 = f - 119. Suppose -13 = 8*t - f. Calculate the highest common divisor of 104 and t.
26
Suppose 125*m + 352775 = 1499025. Calculate the highest common divisor of 70 and m.
70
Suppose 3*d = 5*p - 5346, -17*d + 21*d - 4296 = -4*p. What is the highest common factor of 81 and p?
9
Let i = -2110 - -2794. What is the highest common factor of i and 180?
36
Let s = 8 + 10. Let m be 29 - ((-2)/(-3) - 66/s). Let d = 33 - m. What is the greatest common factor of 4 and d?
1
Let d be 16 + (-948)/(-48) - 4/(-16). What is the highest common divisor of 5676 and d?
12
Let r(g) = 28*g**3 - 2*g**2 + 13*g + 1. Let j be r(-3). Let i be (j/(-112))/(1/28). Calculate the greatest common factor of i and 87.
29
Suppose 2*u + 56 = -4*q, -16 = q - 3*u + 12. Let d = q - -19. Let k be d*(-26)/24*-44. What is the highest common divisor of 11 and k?
11
Let f = -12 + 61. Suppose 0 = -2*t - 4*j - 2, -4*t = -8*j + 12*j - 12. What is the greatest common factor of f and t?
7
Let z be (-30)/(-135) + (-76)/18. Let g(x) = 3*x + 13. Let m be g(z). Calculate the greatest common divisor of 31 and m.
1
Let u(l) = 7*l - 22. Let y be u(5). Suppose 9*x + 16 = y*x. Suppose -5*h + 75 = -x*d - 93, -4*h + d = -130. Calculate the greatest common factor of 8 and h.
8
Suppose 15*w + 220 = 25*w. What is the highest common factor of w and 374?
22
Let h(s) = s**3 - 40*s**2 + 37*s - 62. Let r be h(39). Let j = r + 160. Let b = 89 - -